 18*i**2 - 6*i - 7. Let m(v) = 7*v**3 - 12*v**2 - 4*v - 4. Let b(y) = 8*m(y) - 5*q(y). Determine b(g).
-9
Let g(m) be the second derivative of -m**4/12 + m**3/3 - m**2/2 + 49*m. Give g(5).
-16
Let s(q) = 2*q**2 - 4*q**2 - 17*q + 667 - 673. Determine s(-8).
2
Let n(r) = -4*r - 3. Let i be 20/8 + (-4)/(-8) - 66. Let p = i + 61. Give n(p).
5
Let n(c) = -c**2 + c - 8. Let v(q) = -2*q. Let z(i) = n(i) - 3*v(i). Give z(6).
-2
Let a(m) = -15*m. Let b(k) = -7*k. Let q(j) = -6*a(j) + 13*b(j). Suppose 32 = -5*y + 17. Calculate q(y).
3
Let v(c) = 2*c - 4. Let d(r) = 2*r**2 + 8*r + 7. Let h be 2/(-2 - (-3)/2). Let u be d(h). Determine v(u).
10
Let l(s) = -6*s - 236. Let g be l(-39). Let r(f) = -2*f**2 + 1. Determine r(g).
-7
Let i(b) be the second derivative of 0 - 1/30*b**5 - 5/12*b**4 + 0*b**3 + 0*b**2 - 1/720*b**6 + 4*b. Let y(d) be the third derivative of i(d). Calculate y(-4).
0
Let h = -11 - -16. Suppose -h*s + 19 = -6. Let f(t) = 551 - 184 + t - 184 - 187. Give f(s).
1
Suppose -76*w = -73*w + 9. Let o(q) = -q - 6. Calculate o(w).
-3
Suppose -4*p = -3*p + 4*j + 16, 20 = -4*j. Let d(r) = 7*r - 50*r**2 + 49*r**2 + 0 - 3 - 2. Determine d(p).
7
Suppose 35*a - 172 - 3 = 0. Let j(c) = 2*c - 14. What is j(a)?
-4
Let b(i) = i**3 + 34*i**2 + 30*i - 92. Let j be b(-33). Let a(z) = -4*z + 29. Give a(j).
1
Let y(f) = -5*f**2 - 6. Let j(c) = 2*c**2 + 1. Let l(m) = 2*m**2. Let a(u) = -3*j(u) + 2*l(u). Let q(k) = -7*a(k) + 3*y(k). Give q(-3).
-6
Let j(r) = r**3 + r**2 + r - 1. Let p be j(-2). Let x(u) be the second derivative of -u**5/20 - 7*u**4/12 - 5*u**2/2 - 2*u + 44. Give x(p).
-5
Let n(j) = -j. Suppose -a - 5*b + 4 = 0, -9*b + 12*b = 0. What is n(a)?
-4
Let w = 8 + -9. Let p(v) be the second derivative of v**4/12 + v**3/6 + v - 126. Give p(w).
0
Let v(u) = -u**3 - 7*u**2 + 6*u - 9. Let j = -69 - -33. Let o be (4/(-6))/((-3)/j). Calculate v(o).
7
Let r(k) be the third derivative of -k**5/60 + k**3/2 - 2*k**2. Let l = -14 + 15. Let p be l/(6/(-8))*3. Give r(p).
-13
Suppose -2*x - 3*d = -8, 7*x = 4*x - 2*d + 12. Let q(j) = 5*j - 18. Determine q(x).
2
Let d(t) = t**2 + 4*t - 1. Let u(a) = 2*a**2 - 6*a**2 - 5 + a**2 + a**3 + 4*a**2. Suppose 0 = -4*n - n. Let y be u(n). What is d(y)?
4
Let h(r) = r**2 + 7*r - 5. Let i be (-8 - -2)*-1 + -2. Suppose i*c + j = -26, 4*c + 3 = -5*j - 31. What is h(c)?
-11
Let k(p) = 5*p**3 + p. Let n = 29 + -27. Let w = -5 - -10. Suppose n*b = 2*h - 4, 2*h - 2*b = h + w. Determine k(h).
-6
Let n(c) = 62*c - 1 - 113*c - 2*c**3 + 49*c - 4*c**3. Let f be (-1 - (-1 + 0))/(-1). Let j = f - 1. Determine n(j).
7
Let y = 41 - 60. Let c = 14 + y. Let s(i) = i**3 + 5*i**2 + 2*i - 6. Calculate s(c).
-16
Let p = 7 - 8. Let y(w) = -5*w**2 + 2*w + 1. Let h be y(p). Let c(b) be the third derivative of b**6/120 + 7*b**5/60 + 7*b**4/24 + b**3/6 - 16*b**2. Give c(h).
-5
Let s be (-5)/(-10)*16/1. Let g(z) = -8 - 2*z**2 - s*z + z**2 + 0. Give g(-6).
4
Let u be 6/((-60)/(-25))*2. Let l(x) = x + 10. What is l(u)?
15
Let a(t) be the third derivative of t**5/60 - 5*t**4/24 + 83*t**2 - 1. Calculate a(5).
0
Let l be 429/(-65) - (-4)/(-10). Let g(z) = -7*z**2 - 12*z - 9. Let o(h) = 3*h**2 + 6*h + 4. Let m(j) = 2*g(j) + 5*o(j). Calculate m(l).
9
Let w be (-44 - -45) + -4*2. Let k(y) = y**3 + 8*y**2 + 8*y - 1. Determine k(w).
-8
Let t be ((-2)/(-4))/(24/1392). Suppose -5*m + q - 21 - 7 = 0, -4*m + 3*q - t = 0. Let s(p) = -p - 2. What is s(m)?
3
Let p(v) = -2. Let m(h) = 5*h + 7. Let j(a) = 2*m(a) + 6*p(a). Determine j(-3).
-28
Let t(h) = h**3 - 4*h**2 - 5*h - 2. Let b(x) = x**3 + 17*x**2 - 18*x + 5. Let s be b(-18). What is t(s)?
-2
Let z(y) = -y**2 - 8*y + 7. Suppose -2*l = 2*l - 28. Suppose -2*k + 35 = -l*k. What is z(k)?
14
Let b(a) = 6*a - 14. Let t(q) = -12*q + 27. Let o(d) = -5*b(d) - 3*t(d). Let l be o(3). Let p(m) = -m**3 + 7*m**2 + 1. What is p(l)?
1
Let m(d) be the second derivative of 2*d**4/3 - d**3/6 - d**2/2 + 17*d. Let n be m(-1). Let a(k) = -k + 7. Determine a(n).
-1
Let l(w) = -w - 9. Let m(s) = -11*s - s**3 + 272 - 7*s**2 + s - 274. Let x be m(-4). Calculate l(x).
1
Let q be 3/(-6) - 422/(-4). Let k = q + -96. Let t(w) = w**3 - 10*w**2 + 8*w - 11. Calculate t(k).
-20
Let x = 21 + -12. Suppose -2*w - 11 = 5*s - 30, 0 = 3*w + s - x. Let q be 3*(-2)/w + 8. Let p(d) = d**3 - 5*d**2 + 2*d + 4. Give p(q).
14
Let d be 18/(-6)*1/3*3. Let o(j) = j**2 + 2*j - 2. Calculate o(d).
1
Let b(g) be the third derivative of g**5/60 - g**4/4 + g**3/3 + g**2. Suppose 0*p = -8*p + 24. Suppose 0 = -9*j + 42 + p. Give b(j).
-3
Let p(r) = -r + 2. Let b = 18 - 6. Suppose -3*j + b = -2*u, 0*j + 3*u = 5*j - 20. Suppose -j*g + 13 + 7 = 0. Give p(g).
-3
Let v(a) = -33*a. Suppose 4*r - 10 = 2*k - 0, -4*r = 4*k + 8. Give v(r).
-33
Let i(h) = -4*h + 0*h - 3*h + 5*h - 7. Let w = -4 - -3. Let d be 4/w - 6/3. Calculate i(d).
5
Let l(x) = 7*x**2 - 10*x - 22. Let d(o) = -9*o**2 + 9*o + 24. Let t(j) = -4*d(j) - 5*l(j). Determine t(-14).
14
Let x(q) = 2*q + 4. Let w = -39 - -42. What is x(w)?
10
Let v(f) be the second derivative of f**3/6 - 11*f**2 - 12*f. Give v(14).
-8
Suppose u - 8 = -3*d, -d = -2*u - 4*d + 10. Let i(f) = 2*f + 1 + f**u + 9*f - 8*f. Give i(-2).
-1
Let a(m) = m + 8. Let n be 20 + -5 - 3/(1*-3). Let z be ((-84)/n)/7 - 3/(-4). Determine a(z).
8
Let t(p) = -3*p**2 - 5*p + 112 - 103 + 10*p**2 - 2*p**3. Let z(l) = -3*l**3 + 10*l**2 - 8*l + 14. Let h(j) = -8*t(j) + 5*z(j). What is h(6)?
-2
Let w = 329 + -331. Let v = 3 - 3. Let r(m) = -4*m**2 + m**2 - 2*m + v*m**2 + 1. Give r(w).
-7
Let z(k) = -11 + 4*k + k - 8*k + 16. Let u(j) = -j**3 - 3*j**2 + j + 1. Let v be u(-3). Let h be 52/14 - v/7. What is z(h)?
-7
Let u(d) = 2*d + 5. Let x(k) be the third derivative of -k**5/60 - k**4/2 - 20*k**3/3 - 8*k**2. Let b be x(-6). What is u(b)?
-3
Let v(f) = -9*f + 0*f - 13 + 19 - 12*f**2 - 9. Let m(g) be the first derivative of -2*g**3 - 5*g**2/2 - 2*g + 1. Let b(p) = -5*m(p) + 3*v(p). Give b(1).
-7
Let l(r) be the first derivative of r**3/3 + 2*r**2 + 9*r - 203. Determine l(-4).
9
Let b(y) = y + 5. Let r(w) = -2*w**2 + 19*w - 5. Let c be r(5). Let d = -46 + c. What is b(d)?
-1
Let w(k) = k**2 - 8*k + 11. Suppose -1005*s = -1006*s + 7. What is w(s)?
4
Let x(v) = -v**2 + 7*v - 9. Suppose 4*j - 1 = -4*r + 3, -3*j - r + 9 = 0. Calculate x(j).
3
Let l(h) = -h + 3. Let n(g) = -12*g - 11. Let a(p) = -4*l(p) - n(p). Calculate a(-2).
-33
Suppose 14 = 3*g - 4. Let q(o) = -7*o**2 - 16*o - 4. Let m(d) = -6*d**2 - 15*d - 4. Let l(f) = g*m(f) - 5*q(f). Determine l(-9).
5
Let c(j) be the first derivative of 1/4*j**4 + 1/2*j**2 - 11 + 3*j + j**3. Give c(-3).
0
Let r = -68 + 71. Suppose -l = -0*l - 5*g - 7, 0 = -2*l - r*g - 12. Let o(j) = j**3 + 2*j**2 + j - 1. Calculate o(l).
-13
Let s(p) = 32*p + 99. Let w(g) = 18*g + 49. Let c(h) = -4*s(h) + 7*w(h). Determine c(-22).
-9
Let p(z) be the third derivative of z**8/20160 - z**7/1680 + z**6/720 - z**5/4 - 13*z**2. Let y(k) be the third derivative of p(k). Determine y(5).
11
Let z(k) = -2 + 2 + 3 - k - k**2. Let m(t) = -4*t**2 + 21*t - 31. Let b be m(2). Determine z(b).
-17
Let r(g) = 2*g**3 - 101*g**2 + 48*g + 96. Let i be r(50). Let q(w) = -4*w + 5. Determine q(i).
21
Let r(p) = 4. Let f(x) = x**2 - 4*x - 15. Let s(h) = f(h) + 4*r(h). Determine s(5).
6
Let o(y) = -6*y**2. Let v(m) = 5*m**2 + m. Let d(h) = 4*o(h) + 3*v(h). Calculate d(2).
-30
Let w be (-2)/11 + (3416/(-88) - 1). Let n be w/(-50) + 32/10. Let h(j) = j**3 - 5*j**2 + 4*j. Give h(n).
0
Let d = 58 - 60. Suppose -a + 12 = a. Let c(q) = 4 - a + 1 - 4*q - 2. Give c(d).
5
Let r(u) be the first derivative of -2/3*u**3 + 31 - 4*u + 3/2*u**2 - 1/4*u**4. Suppose -4*z = 14 - 2. Give r(z).
-4
Let y(v) = 3*v + 1. Let m(s) = -s**2 - 2*s + 16. Let g be m(3). Determine y(g).
4
Suppose -13*r = -496 + 574. Let m(t) = -t**3 - 6*t**2 + 3*t + 6. What is m(r)?
-12
Let r(n) = -n**2 + 5*n + 4. Let a(i) = 1. Let k(g) = -4*a(g) - r(g). Let y be k(5). Let p(x) = -2*x - 11. Calculate p(y).
5
Let u(c) = 18 - 197001*c + 7 + 197002*c. What is u(-8)?
17
Let r = -11 + 14. Let m be (r - 0) + (-14)/(-14). Suppose -l = m*l. Let p(x) = -x**3 - x**2 - x + 10. What is p(l)?
10
Let z(f) = f - 4. Let l = 83 + -97. Let b(q) = -5*q - 76. Let t be b(l). Calculate z(t).
-10
Let n = -10 - -6. Let f(g) = -3*g + 11. Let t(k) = -6*k 